{"id":190,"date":"2009-01-11T18:59:43","date_gmt":"2009-01-11T18:59:43","guid":{"rendered":"https:\/\/ea.ess-edu.pt\/?page_id=190"},"modified":"2009-01-11T23:40:24","modified_gmt":"2009-01-11T23:40:24","slug":"halloween-2006","status":"publish","type":"page","link":"https:\/\/ea.ess-edu.pt\/?page_id=190","title":{"rendered":"Halloween 2006"},"content":{"rendered":"<h6>ngg_shortcode_0_placeholder<\/h6>\n<p><br class=\"spacer_\" \/><\/p>\n<h1>Halloween<\/h1>\n<p>Este ano, para mim, o Halloween teve outro significado!<\/p>\n<p>Pela primeira vez empenhei-me na organiza\u00e7\u00e3o da celebra\u00e7\u00e3o do Halloween. Eu e os meus colegas de turma trabalh\u00e1mos muito, para ajudar na exposi\u00e7\u00e3o de cartazes, ab\u00f3boras decoradas, animais em pano, entre outras coisas!<\/p>\n<p>Adorei o dia do Halloween da nossa escola!<\/p>\n<p><em>Micaela Oliveira, 7.\u00ba E &#8211; Jornal EA n.\u00ba 6, Dezembro de 2006<\/em><\/p>\n<p style=\"text-align: center;\"><img decoding=\"async\" class=\"aligncenter size-medium wp-image-212 lazyload\" data-src=\"https:\/\/ea.ess-edu.pt\/wp-content\/uploads\/2009\/01\/abobora-300x197.jpg\" alt=\"\" width=\"300\" height=\"197\" data-srcset=\"https:\/\/ea.ess-edu.pt\/wp-content\/uploads\/2009\/01\/abobora-300x197.jpg 300w, https:\/\/ea.ess-edu.pt\/wp-content\/uploads\/2009\/01\/abobora.jpg 330w\" data-sizes=\"(max-width: 300px) 100vw, 300px\" src=\"data:image\/svg+xml;base64,PHN2ZyB3aWR0aD0iMSIgaGVpZ2h0PSIxIiB4bWxucz0iaHR0cDovL3d3dy53My5vcmcvMjAwMC9zdmciPjwvc3ZnPg==\" style=\"--smush-placeholder-width: 300px; --smush-placeholder-aspect-ratio: 300\/197;\" \/><\/p>\n<h1>Festa do Halloween<\/h1>\n<p>No dia 31 de Outubro comemorou-se o dia do Halloween. Apesar de, hoje em dia se comemorar este acontecimento em muitos lados, s\u00f3 h\u00e1 pouco mais de cinco ou seis d\u00e9cadas \u00e9 que se comemora em Portugal. E assim foi na nossa escola&#8230;<\/p>\n<p>N\u00f3s, com a ajuda da nossa professora de Portugu\u00eas\/Ingl\u00eas, fizemos v\u00e1rios trabalhos com ab\u00f3boras, tendo como personagens caretas de bruxas. Em cartolina fizemos vampiros, aranhas, morcegos, fantasmas, entre outras personagens horrendas. Com o algod\u00e3o fizemos as teias.<\/p>\n<p>Foi com esses trabalhos e com os de outras turmas que enfeitamos o \u00e1trio da nossa escola.<\/p>\n<p>Foi um dia bonito e diferente dos outros!<\/p>\n<p><em>Alunos do 7.\u00ba E: Ezequiel Guerra, n.\u00ba 6 e Ruben Tiago n.\u00ba 16 &#8211; Jornal EA n.\u00ba 6, Dezembro de 2006<\/em><\/p>\n","protected":false},"excerpt":{"rendered":"<p>Halloween Este ano, para mim, o Halloween teve outro significado! Pela primeira vez empenhei-me na organiza\u00e7\u00e3o da celebra\u00e7\u00e3o do Halloween. Eu e os meus colegas de turma trabalh\u00e1mos muito, para ajudar na exposi\u00e7\u00e3o de cartazes, ab\u00f3boras decoradas, animais em pano, entre outras coisas! Adorei o dia do Halloween da nossa escola! Micaela Oliveira, 7.\u00ba E [&hellip;]<\/p>\n","protected":false},"author":1,"featured_media":0,"parent":197,"menu_order":0,"comment_status":"open","ping_status":"closed","template":"","meta":{"ngg_post_thumbnail":0,"ocean_post_layout":"","ocean_both_sidebars_style":"","ocean_both_sidebars_content_width":0,"ocean_both_sidebars_sidebars_width":0,"ocean_sidebar":"","ocean_second_sidebar":"","ocean_disable_margins":"enable","ocean_add_body_class":"","ocean_shortcode_before_top_bar":"","ocean_shortcode_after_top_bar":"","ocean_shortcode_before_header":"","ocean_shortcode_after_header":"","ocean_has_shortcode":"","ocean_shortcode_after_title":"","ocean_shortcode_before_footer_widgets":"","ocean_shortcode_after_footer_widgets":"","ocean_shortcode_before_footer_bottom":"","ocean_shortcode_after_footer_bottom":"","ocean_display_top_bar":"default","ocean_display_header":"default","ocean_header_style":"","ocean_center_header_left_menu":"","ocean_custom_header_template":"","ocean_custom_logo":0,"ocean_custom_retina_logo":0,"ocean_custom_logo_max_width":0,"ocean_custom_logo_tablet_max_width":0,"ocean_custom_logo_mobile_max_width":0,"ocean_custom_logo_max_height":0,"ocean_custom_logo_tablet_max_height":0,"ocean_custom_logo_mobile_max_height":0,"ocean_header_custom_menu":"","ocean_menu_typo_font_family":"","ocean_menu_typo_font_subset":"","ocean_menu_typo_font_size":0,"ocean_menu_typo_font_size_tablet":0,"ocean_menu_typo_font_size_mobile":0,"ocean_menu_typo_font_size_unit":"px","ocean_menu_typo_font_weight":"","ocean_menu_typo_font_weight_tablet":"","ocean_menu_typo_font_weight_mobile":"","ocean_menu_typo_transform":"","ocean_menu_typo_transform_tablet":"","ocean_menu_typo_transform_mobile":"","ocean_menu_typo_line_height":0,"ocean_menu_typo_line_height_tablet":0,"ocean_menu_typo_line_height_mobile":0,"ocean_menu_typo_line_height_unit":"","ocean_menu_typo_spacing":0,"ocean_menu_typo_spacing_tablet":0,"ocean_menu_typo_spacing_mobile":0,"ocean_menu_typo_spacing_unit":"","ocean_menu_link_color":"","ocean_menu_link_color_hover":"","ocean_menu_link_color_active":"","ocean_menu_link_background":"","ocean_menu_link_hover_background":"","ocean_menu_link_active_background":"","ocean_menu_social_links_bg":"","ocean_menu_social_hover_links_bg":"","ocean_menu_social_links_color":"","ocean_menu_social_hover_links_color":"","ocean_disable_title":"default","ocean_disable_heading":"default","ocean_post_title":"","ocean_post_subheading":"","ocean_post_title_style":"","ocean_post_title_background_color":"","ocean_post_title_background":0,"ocean_post_title_bg_image_position":"","ocean_post_title_bg_image_attachment":"","ocean_post_title_bg_image_repeat":"","ocean_post_title_bg_image_size":"","ocean_post_title_height":0,"ocean_post_title_bg_overlay":0.5,"ocean_post_title_bg_overlay_color":"","ocean_disable_breadcrumbs":"default","ocean_breadcrumbs_color":"","ocean_breadcrumbs_separator_color":"","ocean_breadcrumbs_links_color":"","ocean_breadcrumbs_links_hover_color":"","ocean_display_footer_widgets":"default","ocean_display_footer_bottom":"default","ocean_custom_footer_template":"","footnotes":""},"class_list":["post-190","page","type-page","status-publish","hentry","entry"],"_links":{"self":[{"href":"https:\/\/ea.ess-edu.pt\/index.php?rest_route=\/wp\/v2\/pages\/190","targetHints":{"allow":["GET"]}}],"collection":[{"href":"https:\/\/ea.ess-edu.pt\/index.php?rest_route=\/wp\/v2\/pages"}],"about":[{"href":"https:\/\/ea.ess-edu.pt\/index.php?rest_route=\/wp\/v2\/types\/page"}],"author":[{"embeddable":true,"href":"https:\/\/ea.ess-edu.pt\/index.php?rest_route=\/wp\/v2\/users\/1"}],"replies":[{"embeddable":true,"href":"https:\/\/ea.ess-edu.pt\/index.php?rest_route=%2Fwp%2Fv2%2Fcomments&post=190"}],"version-history":[{"count":1,"href":"https:\/\/ea.ess-edu.pt\/index.php?rest_route=\/wp\/v2\/pages\/190\/revisions"}],"predecessor-version":[{"id":210,"href":"https:\/\/ea.ess-edu.pt\/index.php?rest_route=\/wp\/v2\/pages\/190\/revisions\/210"}],"up":[{"embeddable":true,"href":"https:\/\/ea.ess-edu.pt\/index.php?rest_route=\/wp\/v2\/pages\/197"}],"wp:attachment":[{"href":"https:\/\/ea.ess-edu.pt\/index.php?rest_route=%2Fwp%2Fv2%2Fmedia&parent=190"}],"curies":[{"name":"wp","href":"https:\/\/api.w.org\/{rel}","templated":true}]}}